divided by 23.
14
Calculate the remainder when 98427 is divided by 386.
383
Calculate the remainder when 44303 is divided by 175.
28
What is the remainder when 63177 is divided by 989?
870
What is the remainder when 24569 is divided by 14?
13
Calculate the remainder when 195787 is divided by 187.
185
Calculate the remainder when 1152 is divided by 17.
13
Calculate the remainder when 8377 is divided by 270.
7
What is the remainder when 61765 is divided by 35?
25
Calculate the remainder when 92252 is divided by 56.
20
Calculate the remainder when 12419 is divided by 12409.
10
Calculate the remainder when 2646205 is divided by 59.
55
Calculate the remainder when 37494 is divided by 2335.
134
What is the remainder when 1260 is divided by 415?
15
What is the remainder when 3593 is divided by 50?
43
Calculate the remainder when 1841899 is divided by 25.
24
Calculate the remainder when 15481 is divided by 58.
53
Calculate the remainder when 922 is divided by 220.
42
Calculate the remainder when 1613 is divided by 210.
143
Calculate the remainder when 31560 is divided by 5258.
12
What is the remainder when 3986 is divided by 159?
11
What is the remainder when 307387 is divided by 10?
7
Calculate the remainder when 3919 is divided by 60.
19
Calculate the remainder when 592 is divided by 88.
64
Calculate the remainder when 592976 is divided by 120.
56
Calculate the remainder when 45795 is divided by 159.
3
What is the remainder when 8647 is divided by 486?
385
Calculate the remainder when 239053 is divided by 365.
343
Calculate the remainder when 4031226 is divided by 931.
927
Calculate the remainder when 1721 is divided by 736.
249
What is the remainder when 3947472 is divided by 175?
172
Calculate the remainder when 465183 is divided by 186.
183
What is the remainder when 196148 is divided by 196134?
14
Calculate the remainder when 3721 is divided by 1801.
119
What is the remainder when 15230 is divided by 293?
287
What is the remainder when 5192 is divided by 4400?
792
Calculate the remainder when 2071 is divided by 18.
1
Calculate the remainder when 579 is divided by 53.
49
What is the remainder when 12060 is divided by 1005?
0
What is the remainder when 21434 is divided by 1071?
14
What is the remainder when 36499 is divided by 52?
47
Calculate the remainder when 168962 is divided by 56319.
5
What is the remainder when 93560 is divided by 600?
560
What is the remainder when 180566 is divided by 94?
86
What is the remainder when 1266732 is divided by 11?
5
What is the remainder when 273507 is divided by 273461?
46
Calculate the remainder when 77709 is divided by 1065.
1029
Calculate the remainder when 10425 is divided by 5189.
47
What is the remainder when 45864 is divided by 19?
17
What is the remainder when 8210 is divided by 2729?
23
What is the remainder when 80412 is divided by 26781?
69
What is the remainder when 3447 is divided by 1723?
1
Calculate the remainder when 11250 is divided by 451.
426
Calculate the remainder when 5081 is divided by 426.
395
What is the remainder when 780 is divided by 83?
33
What is the remainder when 32472 is divided by 41?
0
Calculate the remainder when 3443 is divided by 3346.
97
What is the remainder when 14640 is divided by 123?
3
What is the remainder when 441395 is divided by 25?
20
What is the remainder when 82814 is divided by 618?
2
Calculate the remainder when 49269 is divided by 24528.
213
What is the remainder when 24103 is divided by 10?
3
What is the remainder when 2541 is divided by 634?
5
Calculate the remainder when 19973 is divided by 3321.
47
What is the remainder when 48809 is divided by 1394?
19
What is the remainder when 32435 is divided by 39?
26
What is the remainder when 1804 is divided by 361?
360
Calculate the remainder when 118 is divided by 53.
12
What is the remainder when 4040 is divided by 91?
36
Calculate the remainder when 856 is divided by 2.
0
Calculate the remainder when 25178 is divided by 5035.
3
Calculate the remainder when 67708 is divided by 5.
3
What is the remainder when 56002 is divided by 2798?
42
What is the remainder when 173 is divided by 33?
8
What is the remainder when 66358 is divided by 14?
12
Calculate the remainder when 159086 is divided by 79542.
2
Calculate the remainder when 3050 is divided by 754.
34
What is the remainder when 402 is divided by 107?
81
What is the remainder when 107412 is divided by 21?
18
Calculate the remainder when 4616 is divided by 261.
179
What is the remainder when 594 is divided by 511?
83
Calculate the remainder when 51732 is divided by 70.
2
What is the remainder when 111912 is divided by 37296?
24
Calculate the remainder when 138164 is divided by 140.
124
Calculate the remainder when 75890 is divided by 29.
26
What is the remainder when 51627 is divided by 116?
7
What is the remainder when 7929 is divided by 247?
25
What is the remainder when 50446 is divided by 748?
330
What is the remainder when 50660 is divided by 124?
68
What is the remainder when 506769 is divided by 4223?
9
Calculate the remainder when 23747 is divided by 91.
87
What is the remainder when 10877 is divided by 218?
195
What is the remainder when 4790 is divided by 200?
190
What is the remainder when 5639 is divided by 9?
5
What is the remainder when 20426 is divided by 259?
224
What is the remainder when 80667 is divided by 16120?
67
Calculate the remainder when 2827 is divided by 353.
3
Calculate the remainder when 10965 is divided by 10963.
2
Calculate the remainder when 4114223 is divided by 1271.
1267
Calculate the remainder when 24611 is divided by 52.
15
What is the remainder when 9616 is divided by 9513?
103
Calculate the remainder when 72048 is divided by 329.
326
Calculate the remainder when 3354 is divided by 280.
274
Calculate the remainder when 253 is divided by 178.
75
What is the remainder when 125598 is divided by 41856?
30
Calculate the remainder when 23208 is divided by 506.
438
What is the remainder when 303953 is divided by 6332?
17
Calculate the remainder when 8258 is divided by 1820.
978
Calculate the remainder when 295 is divided by 97.
4
What is the remainder when 3310 is divided by 620?
210
Calculate the remainder when 5664 is divided by 363.
219
Calculate the remainder when 52778 is divided by 221.
180
What is the remainder when 32404 is divided by 26?
8
Calculate the remainder when 5742 is divided by 403.
100
What is the remainder when 163490 is divided by 20?
10
What is the remainder when 3210 is divided by 2271?
939
What is the remainder when 7923070 is divided by 24?
22
What is the remainder when 167471 is divided by 83?
60
Calculate the remainder when 111359 is divided by 320.
319
Calculate the remainder when 18718 is divided by 170.
18
Calculate the remainder when 56781 is divided by 21.
18
Calculate the remainder when 16771 is divided by 19.
13
What is the remainder when 1005 is divided by 53?
51
What is the remainder when 226235 is divided by 28?
23
Calculate the remainder when 11741 is divided by 2347.
6
What is the remainder when 2349 is divided by 6?
3
What is the remainder when 75558 is divided by 89?
86
Calculate the remainder when 123 is divided by 31.
30
What is the remainder when 15038 is divided by 47?
45
What is the remainder when 2799 is divided by 282?
261
What is the remainder when 3923 is divided by 144?
35
Calculate the remainder when 15401 is divided by 1417.
1231
Calculate the remainder when 6697 is divided by 6672.
25
Calculate the remainder when 3219 is divided by 61.
47
Calculate the remainder when 36145 is divided by 31.
30
Calculate the remainder when 101078 is divided by 293.
286
Calculate the remainder when 102068 is divided by 8.
4
What is the remainder when 2409 is divided by 1242?
1167
What is the remainder when 1450 is divided by 180?
10
Calculate the remainder when 2640 is divided by 54.
48
Calculate the remainder when 162296 is divided by 40574.
0
What is the remainder when 18889 is divided by 47?
42
Calculate the remainder when 8518 is divided by 8458.
60
Calculate the remainder when 46213 is divided by 335.
318
Calculate the remainder when 6473 is divided by 144.
137
What is the remainder when 3514 is divided by 209?
170
What is the remainder when 91177 is divided by 1341?
1330
Calculate t